1
What is the remainder when 10058 is divided by 10054?
4
What is the remainder when 29651 is divided by 123?
8
What is the remainder when 1346 is divided by 1297?
49
What is the remainder when 37794 is divided by 293?
290
What is the remainder when 2022 is divided by 73?
51
Calculate the remainder when 76687 is divided by 752.
735
Calculate the remainder when 67573 is divided by 101.
4
Calculate the remainder when 5073 is divided by 12.
9
What is the remainder when 44387 is divided by 8844?
167
What is the remainder when 39766 is divided by 91?
90
What is the remainder when 356649 is divided by 1209?
1203
Calculate the remainder when 267865 is divided by 1196.
1157
What is the remainder when 49105 is divided by 50?
5
Calculate the remainder when 3159 is divided by 462.
387
Calculate the remainder when 41945 is divided by 49.
1
Calculate the remainder when 105360 is divided by 52.
8
Calculate the remainder when 103632 is divided by 21.
18
What is the remainder when 1315835 is divided by 346?
343
Calculate the remainder when 16988 is divided by 5659.
11
Calculate the remainder when 23386 is divided by 1431.
490
What is the remainder when 17961 is divided by 78?
21
What is the remainder when 36336 is divided by 449?
416
Calculate the remainder when 7324 is divided by 7109.
215
Calculate the remainder when 3539 is divided by 1667.
205
What is the remainder when 1066 is divided by 585?
481
Calculate the remainder when 3783 is divided by 379.
372
What is the remainder when 702950 is divided by 702947?
3
What is the remainder when 2639 is divided by 306?
191
What is the remainder when 17835 is divided by 383?
217
Calculate the remainder when 37714 is divided by 9388.
162
What is the remainder when 48914 is divided by 40?
34
What is the remainder when 3461 is divided by 342?
41
What is the remainder when 2155 is divided by 265?
35
What is the remainder when 10953 is divided by 2082?
543
Calculate the remainder when 596967 is divided by 67.
64
What is the remainder when 507776 is divided by 1209?
1205
Calculate the remainder when 34208 is divided by 2846.
56
Calculate the remainder when 766 is divided by 167.
98
What is the remainder when 19207 is divided by 865?
177
What is the remainder when 30935 is divided by 455?
450
Calculate the remainder when 417051 is divided by 10426.
11
Calculate the remainder when 20661 is divided by 7.
4
What is the remainder when 87262 is divided by 155?
152
Calculate the remainder when 48193 is divided by 12048.
1
What is the remainder when 7065 is divided by 116?
105
What is the remainder when 48071 is divided by 190?
1
Calculate the remainder when 15691 is divided by 365.
361
What is the remainder when 2305 is divided by 231?
226
Calculate the remainder when 7979 is divided by 1627.
1471
Calculate the remainder when 4823 is divided by 121.
104
What is the remainder when 2474886 is divided by 449?
447
Calculate the remainder when 596651 is divided by 42.
41
Calculate the remainder when 112337 is divided by 30.
17
What is the remainder when 6175 is divided by 3083?
9
Calculate the remainder when 19570 is divided by 122.
50
Calculate the remainder when 105410 is divided by 418.
74
Calculate the remainder when 91357 is divided by 8296.
101
What is the remainder when 7428 is divided by 102?
84
What is the remainder when 63454 is divided by 221?
27
What is the remainder when 300852 is divided by 93?
90
Calculate the remainder when 10982 is divided by 733.
720
What is the remainder when 43539 is divided by 104?
67
What is the remainder when 17532 is divided by 3477?
147
What is the remainder when 4034 is divided by 226?
192
What is the remainder when 20045 is divided by 5006?
21
What is the remainder when 42658 is divided by 193?
5
Calculate the remainder when 44358 is divided by 224.
6
What is the remainder when 56110 is divided by 2003?
26
Calculate the remainder when 31559 is divided by 38.
19
Calculate the remainder when 6879 is divided by 342.
39
What is the remainder when 4462 is divided by 1312?
526
What is the remainder when 5091 is divided by 1570?
381
What is the remainder when 741 is divided by 78?
39
What is the remainder when 14001 is divided by 19?
17
Calculate the remainder when 9681 is divided by 1845.
456
What is the remainder when 1612 is divided by 151?
102
Calculate the remainder when 65774 is divided by 143.
137
Calculate the remainder when 14383 is divided by 187.
171
What is the remainder when 70317 is divided by 188?
5
What is the remainder when 52075 is divided by 127?
5
Calculate the remainder when 16221 is divided by 22.
7
What is the remainder when 101543 is divided by 101506?
37
What is the remainder when 16983 is divided by 20?
3
What is the remainder when 20491 is divided by 326?
279
What is the remainder when 28467 is divided by 163?
105
What is the remainder when 589 is divided by 295?
294
Calculate the remainder when 2108 is divided by 660.
128
What is the remainder when 398997 is divided by 420?
417
What is the remainder when 135065 is divided by 22507?
23
Calculate the remainder when 92541 is divided by 15423.
3
What is the remainder when 58932 is divided by 139?
135
Calculate the remainder when 1228 is divided by 6.
4
What is the remainder when 13572 is divided by 47?
36
Calculate the remainder when 944528 is divided by 10.
8
Calculate the remainder when 46090 is divided by 197.
189
Calculate the remainder when 29226 is divided by 9741.
3
What is the remainder when 54811 is divided by 85?
71
Calculate the remainder when 63874 is divided by 21282.
28
Calculate the remainder when 38760 is divided by 22.
18
Calculate the remainder when 119161 is divided by 2906.
15
What is the remainder when 36084 is divided by 18?
12
What is the remainder when 145108 is divided by 21?
19
Calculate the remainder when 2234 is divided by 2234.
0
Calculate the remainder when 1835 is divided by 869.
97
What is the remainder when 6259 is divided by 8?
3
What is the remainder when 2290 is divided by 647?
349
What is the remainder when 483 is divided by 213?
57
Calculate the remainder when 135035 is divided by 76.
59
What is the remainder when 9068 is divided by 352?
268
What is the remainder when 15350 is divided by 3834?
14
Calculate the remainder when 28411 is divided by 14174.
63
What is the remainder when 5709 is divided by 158?
21
Calculate the remainder when 31669 is divided by 811.
40
What is the remainder when 3678 is divided by 1201?
75
Calculate the remainder when 35659 is divided by 133.
15
What is the remainder when 1957 is divided by 37?
33
Calculate the remainder when 4319 is divided by 157.
80
Calculate the remainder when 5429 is divided by 1794.
47
What is the remainder when 6168 is divided by 879?
15
Calculate the remainder when 13104 is divided by 553.
385
Calculate the remainder when 7847 is divided by 329.
280
Calculate the remainder when 411580 is divided by 236.
232
Calculate the remainder when 19539 is divided by 3903.
24
Calculate the remainder when 21637 is divided by 1352.
5
What is the remainder when 32260 is divided by 16125?
10
What is the remainder when 20785 is divided by 169?
167
Calculate the remainder when 94916 is divided by 47455.
6
Calculate the remainder when 7797 is divided by 2577.
66
Calculate the remainder when 6815 is divided by 401.
399
What is the remainder when 43012 is divided by 10747?
24
What is the remainder when 7778 is divided by 32?
2
Calculate the remainder when 1340346 is divided by 356.
6
What is the remainder when 3053 is divided by 193?
158
What is the remainder when 3451 is divided by 3439?
12
Calculate the remainder when 116357 is divided by 336.
101
Calculate the remainder when 11836 is divided by 20.
16
Calculate the remainder when 101499 is divided by 20.
19
What is the remainder when 666929 is divided by 107?
105
What is the remainder when 2825 is divided by 1405?
15
What is the remainder when 33868 is divided by 11?
10
What is the remainder when 12175 is divided by 115?
100
Calculate the remainder when 31795 is divided by 25.
20
Calculate the remainder when 1365 is divided by 114.
111
What is the remainder when 800 is divided by 7?
2
Calculate the remainder when 144628 is divided by 325.
3
What is the remainder when 10639 is divided by 50?
39
Ca